2 - (-98 - -136)) + -1.
62
What is the value of -16 - (-16 + 12 + 13 + -17)?
-8
What is 28 - (106 - (52 + -16))?
-42
What is 25 + (-1 - 2) + (-69 - -48) + -41?
-40
Evaluate -11 - 11 - (-29 - -69) - (-1 - (-1 + -2)).
-64
792 - 775 - (10 - 2 - (11 - 5))
15
What is (-368 - -388) + (-1 - 14) - (-89 - 8)?
102
Calculate (10 - 44 - -7 - 15) + 7.
-35
Evaluate -45 - 0 - (-2988 - -2929).
14
Evaluate 56 + 1 - (2 - ((-31 - -16) + 17)).
57
What is the value of -30 - (3 + -1) - (-21 - 50 - -59)?
-20
-37 - (2 + 0 + -3) - (-76 + (31 - -54))
-45
What is 127 - ((-34 - -10) + 52)?
99
Calculate 19 + (-5 - -3) - -4 - 18 - (6 - 0).
-3
What is 35 - -2 - 0 - (1375 - 1369)?
31
What is 18 + -1 - (13 - (14 + -7 + 13 + -6))?
18
2 + -5 + 7 + -111 + 13 + 135 + -11
30
Evaluate -3 + 0 - (0 - 9) - ((12 - 32) + -18).
44
(55 - (76 + 48)) + 100
31
Calculate 13 - 19 - (13 - 5 - 6 - 17).
9
-61 - (7 + 15 + -11 - (1 + 6)) - -10
-55
Calculate 15 + (-54 - (-18 - 22) - (0 + -1)).
2
What is the value of -1 + (-18 - (-13 + 18 - 8) - -88)?
72
Evaluate 26 + (-50 + -48 - -37).
-35
What is 11 - (13 - -10) - (-1 - 2 - 1)?
-8
What is 4026 - 4068 - (-121 + -1)?
80
-38 - ((22 - (-21 + -2)) + -121)
38
-8 + 9 + (17 - (-8 - -9)) - (10 + -20)
27
3 + 44 + (-67 + 0 - -63)
43
Evaluate 3 - (-3 - -94 - 163 - (8 + 0)).
83
What is 6 - -33 - (71 + -27) - -57?
52
-3 - (-42 + (70 - 21))
-10
Calculate -14 + (-180 - -165 - (0 - 35)) - -12.
18
Calculate -2 + -2 + (42 - 37 - -2).
3
(5 - (-16 - 1 - (-16 + 3 + 3))) + 3
15
Evaluate 145 - (17 - 18 - -17) - (4 + -2 + 6).
121
What is the value of (4 - 13) + 6 + (126 - 93)?
30
(50 - (-1 - 8) - 2) + -18
39
Evaluate -1216 + 1167 - ((-1 - -2) + 44).
-94
-6 + 6 + -14 + (7 - -69) + -5
57
Evaluate -21 - (-29 - (-20 + (-32 - -67))).
23
Evaluate 912 + -961 - (-30 - 3).
-16
What is the value of -16 - (-92 - (14 + -12 - 4)) - 4?
70
What is the value of 6 - ((20 - 6) + -3) - -16 - -2?
13
-149 + (-13 + 11 - -78)
-73
What is (3 + 1 - (-3 + 10 - (1 - 2))) + 55?
51
What is the value of 17 - (126 + -112 - 62)?
65
What is the value of -47 - (-10 - (2 - (2 - 6)))?
-31
Evaluate -16 + -1 + -1 + 29 + -16 - -11.
6
Evaluate 11 + (40 - (-34 + 124)).
-39
What is 9 + (-33 - -29) + -20 + (1 - -1)?
-13
What is 14 - (3 + 2) - ((8 - 15) + -6 + 7)?
15
What is (-3 + 13 - (-2 + 1)) + -2 + (22 - -34)?
65
(12 - 61 - (15 + 2)) + (3 - 4)
-67
Evaluate 9 + -19 + (-4 - 15) + 20.
-9
What is the value of -28 - (-22 - (87 + -60))?
21
What is 5 - (-58 - (27 - 60))?
30
Calculate -122 + 18 + 46 - -25.
-33
Calculate -284 - (-51 - 85) - -71.
-77
What is (-1 - 8) + 43 - (11 + 2 - 4)?
25
Calculate 1 - (-2 + -73 + (139 + -125 - (2 + 15))).
79
What is the value of -6 - -30 - (-46 - (-19 + -16))?
35
0 + -12 + 72 - (-15 - -3 - -26)
46
What is the value of (-60 - (11 - 37)) + 2?
-32
Calculate -17 + (42 - (77 - 75)).
23
What is the value of 25 - (-67 + -16 + 67)?
41
What is (-15 - 1) + (-37 + 4 - -13)?
-36
What is the value of 10 - (-58 - (-113 + 34))?
-11
What is the value of (15 - -5 - 2) + -779 + 860?
99
What is 0 + 54 + (-15 - (-11 - -1 - (-361 - -364)))?
52
10 - (8 - 10 - (2 + -13 - -10) - -62)
-51
What is the value of (-6 - -5) + 10 - (-41 + 48 + -1)?
3
What is the value of (-67 - (2 + -20) - -18) + 12?
-19
What is the value of (1 - 72) + (-2 - -22 - (130 - (112 - 7)))?
-76
-1 - -3 - -74 - (17 + -16 + 2 + 8)
65
What is -18 - 29 - ((-4 - (-13 - 0)) + -18 - -3)?
-41
What is the value of 1 - 9 - (4 - (-19 + 45 + 98 - -5))?
117
What is the value of 102 + (-104 - -86) + -62?
22
(-10 - 4 - -6) + (1 - 8) + 4 - 9
-20
Calculate -157 + 33 + 24 + 66.
-34
-7 + (20 + 51 - 47)
17
Calculate 29 + (-4 - -5) + 0 + (5 - 10).
25
Calculate (9 - (2 + 20 + -9)) + 11 + (-109 - -2).
-100
Calculate 1 - (-1 + (-52 - -8) + (0 - (-11 - -10))).
45
What is the value of (-44 - 0 - (-2636 + 2741)) + 24?
-125
What is 9 + -2 - (-15 + (-24 - -34) + -45)?
57
What is the value of -17 + (-9 - -23) - 38?
-41
Calculate 2394 + -2433 + (39 - -1) + 21.
22
What is (170 - 246) + (48 - 19)?
-47
21 - 6 - (54 - 59 - (-12 + (-4 - -7)))
11
What is 42 - (46 - (-64 + 46))?
-22
What is -2 + (2 - -2) + 74 + (728 - 207 - 536)?
61
Calculate 55 + (-36 + 42 - (0 - 17)) + 1 + 13.
92
Calculate (-32 - (-28 + (-63 - -3))) + 34.
90
What is 1 - -32 - (1130 - 1128 - (-10 - (-5 - -4)))?
22
Evaluate (-98 - -98) + 1 + -4 + -1 + (-208 - -252).
40
(-11 - (12 - 19 - 14)) + -13 + 0
-3
What is the value of 109 + -221 + (92 - -13)?
-7
What is 2 + 0 - (0 - 7 - -32 - (-296 + 195))?
-124
What is the value of 22 + (0 - (-20 + -7 + 29)) - 158?
-138
Calculate 83 + -37 + -103 + 0 + (3 - 2).
-56
73 - ((-68 - -36) + 99)
6
Evaluate -70 + (-64 - (-57 - -38)) - -42.
-73
(21 + -14 - (-1 - 81)) + 219 + -214
94
What is the value of (-36 - -33 - (-4 + 8 - -36)) + (61 - 55)?
-37
What is 15 + (54 - 8) + 11 + -13 + -2?
57
Calculate (-42 - -52) + (15 - 24) + 0 + 5.
6
What is -13 - ((71 - 10) + ((-2 - 2) + 21 - 1))?
-90
Evaluate -71 - (7 + (-14 - 4) + 21 + -5 + 3).
-79
What is the value of 18 + 5 + -10 + (-89 - -76)?
0
Calculate 270 + -274 - (7 - 1) - (-5 - 49).
44
Calculate 64 + 3 - 87 - (2 + -60).
38
Calculate (-22 - -1 - -19) + -15 - -2.
-15
What is the value of 12 - (-42 - (-27 + -15 + 23))?
35
What is (52 - 125 - -115) + 69?
111
What is 5 - (0 + -7 - (-15 + (-2 - -22)))?
17
-41 - (4 - 10) - (38 - 51)
-22
Evaluate (56 - 21) + (-8 - 108) + -2.
-83
What is 32 + -2 - 37 - -10?
3
What is the value of (-718 - -724 - (-4 + 1)) + -2?
7
-9 + (43 + 41 - 45) + -15
15
What is 14 - ((2 - 0) + (108 - 116) - 1)?
21
What is the value of 27 + (84 - 23 - (82 - 40))?
46
What is (-28 - -42) + 13 - 58 - -16?
-15
-75 - (-121 + (-11 - -112))
-55
What is the value of (-281 + 279 - (-12 - (2 - -2))) + (-4 - 123)?
-113
Evaluate -28 - (5 + -4 + (-22 + 25 + -11 - 3)).
-18
What is (12 - 0 - (5 + 8 - 8)) + -10 + 95?
92
What is the value of 13 + 10 - (-27 - -37 - 29)?
42
(439 - 420 - (2 - 106)) + (-5 - -3) + -7
114
Evaluate -21 + 13 - ((3 - 5 - 7) + 38).
-37
Evaluate 18 + (-54 - -59 - -5).
28
Calculate 39 - (-39 + 109 + -18).
-13
Calculate 173 + -173 + (-1 + -1 - (-2 - (-103 + 1))).
-102
What is 11 + 13 - 40 - -8 - 109 - -7?
-110
3 + 36 - (6 - (56 + -19))
70
(4 - 1 - -2) + -14 + 29 + 56
76
Calculate -5 + -36 + (16 + (-3 - 9) - 7 - -10).
-34
Evaluate -27 - (-116 + 31 - -27).
31
Calculate 23 - 54 - 67 - -93.
-5
What is the value of 1 + 15 - ((61 - 26) + -32)?
13
-9 + 1 - (-2 - -1) - (35042 - 35122)
73
Calculate -112 - ((130 - 186) + -14).
-42
41 - (36 + 0 + (67 - (56 - -29)))
23
Evaluate -5 - (-10 - 35 - (-5 - (15 + -22))).
42
What is the value of (-46 - (-15 + -9)) + 18 - (45 + (1 - 3))?
-47
Calculate -40 - (7 + -19 - -7) - (-8 - 4).
-23
(-126 - (-193 + -16)) + -57
26
12 + -9 + (51 - 21) + -1
32
(3 - 15) + (17 - (-9 + 17 + -13))
10
Evaluate -16 + 18 + (-21 - -19) + (24 - 3).
21
What is (-12 - (-8 + 2)) + 39 + -7 + 8?
34
What is the value of 2 + (2 - 14) + (-45 - 8) + (10 - 5)?
-58
-119 + -4 - 0 - (-85 + (80 - 0))
-118
Evaluate 10 - (32 + -5 + -239 + 235).
-13
Calculate -19 - (-24 - -63) - -121.
63
Evaluate 4 - (-6 + 1 - (-22 + 33 + -24)).
-4
What is 14 - (6 + 5 + (-54 - 3))?
60
Evaluate 7 + (10 - 0 - 5) + (-14 - -3).
1
-69 + 26 + 18 - (12 - (-4 + 5))
-36
What is the value of -1 + (-9 - 19) + -18?
-47
(-73 + 0 + (115 - 123) - 4) + (-5 - -11)
-79
What is the value of -17 + (111 - 85) + 36 + -3 + 7 + -3?
46
What is the value of -22 + (-40 + -44 - -128)?
22
Evaluate 53 + 115 + (-52 - -6).
122
What is the value of -15 + 34 + -9 + -28 - 88?
-106
Calculate 8 - (25 + -9) - 11 - -73.
54
Evaluate 53 + 1 + (2451 - 2450).
55
Evaluate 4 + (160 + -33 - 183).
-52
What is 103 - ((8 - 4) + (-13 - -30) + (-22 - -14))?
90
What is the value of 6 + 13 + (-1 - -1 - -5 - (-247 - -257))?
14
Calculate 6 - (14 - (12 + -13)) - (-7 - 9).
7
Evaluate 1 + (11 - (-34 + 57)).
-11
Evaluate 60 - 2 - (-84 - -60).
82
What is the value of 44 + -3 + 6 + -13 + -17 + -127?
-110
Calculate -73 + 243 + -36 - (-8 - -16).
126
What is the value of 29 + (30 - (-31 - -61))?
29
(-23 + -7 + 21 - 4) + 11 - 54
-56
Calculate (28 - (8 - (22 - -1) - -29)) + -2.
12
Calculate (-2 - 2 - -5) + -569 + 621.
53
Calculate (-1942 - -2093) + 0 + -84.
67
What is 40 - ((28 - 0) + (230 - 258))?
40
What is (-93 + 69 - (-4 + -143)) + (-2 - 12) - -9?
118
What is 43 + (-5 - 2) + (404 - 370)?
70
Calculate -